{"id":3567,"date":"2026-03-29T19:41:54","date_gmt":"2026-03-29T17:41:54","guid":{"rendered":"https:\/\/www.clubugc.be\/?page_id=3567"},"modified":"2026-03-30T08:22:04","modified_gmt":"2026-03-30T06:22:04","slug":"prix-molitor-2023","status":"publish","type":"page","link":"https:\/\/www.clubugc.be\/index.php\/prix-molitor-2023\/","title":{"rendered":"Prix Molitor 2023"},"content":{"rendered":"<p>[vc_row gap=\u00a0\u00bb20&Prime; equal_height=\u00a0\u00bbyes\u00a0\u00bb][vc_column css=\u00a0\u00bb.vc_custom_1542878004202{background-position: center !important;background-repeat: no-repeat !important;background-size: cover !important;}\u00a0\u00bb][vc_column_text css=\u00a0\u00bb.vc_custom_1774805325208{padding-right: 35px !important;padding-left: 35px !important;}\u00a0\u00bb]<\/p>\n<p style=\"text-align: left;\"><span style=\"color: #fdfeeb; font-size: 24pt;\">TEFNOU<\/span><\/p>\n<p>[\/vc_column_text][\/vc_column][\/vc_row][vc_row][vc_column][vc_media_grid grid_id=\u00a0\u00bbvc_gid:1774851620423-35f1def1-9480-1&Prime; include=\u00a0\u00bb3256&Prime;][vc_column_text]<strong>TEFNOU<\/strong><\/p>\n<p>Je m\u2019appelle Tefnou comme la d\u00e9esse \u00e9gyptienne Tefnou qui a engendr\u00e9 le Ciel et la Terre.<\/p>\n<p>Quant \u00e0 moi, ce sont plus modestement les b\u00eatises. J\u2019adore chiper les chaussettes, voler les mouchoirs, d\u00e9rouler le papier de toilette, creuser des trous dans le gazon et surtout d\u00e9terrer les bulbes\u00a0: je suis une v\u00e9ritable \u00ab\u00a0Cockeresse\u00a0\u00bb\u00a0!<\/p>\n<p>Quand je vois ma \u00ab\u00a0Dadame\u00a0\u00bb mettre ses bottes et sa\u00a0veste, \u00e0 cet instant, je sais que les champs sont \u00e0 moi\u00a0! Alors je cours, cours,\u2026apr\u00e8s les oiseaux et il m\u2019arrive m\u00eame de voler 1 ou 2 secondes au-dessus du sol. Le faisan, lui, me nargue et continue son vol en \u00e9mettant un cri qui augmente mon taux d\u2019adr\u00e9naline\u00a0!<\/p>\n<p>Tr\u00e8s t\u00f4t ma \u00ab\u00a0Dadame\u00a0\u00bb d\u00e9cide d\u2019apporter un peu de structure \u00e0 tout cela, de canaliser mon \u00e9nergie d\u00e9bordante et de m\u2019inscrire aux cours d\u2019\u00e9ducation \u00e0 l\u2019United Gundog Club. En effet, je peux y participer, \u00e9tant un chien du groupe 8\u00a0: chiens rapporteurs de gibier, leveurs de gibier et chiens d\u2019eau.<\/p>\n<p>Ah, le dimanche, c\u2019est vraiment dimanche\u00a0!! Je retrouve d\u2019autres chiens, les moniteurs sont tr\u00e8s gentils, compr\u00e9hensifs et aussi tr\u00e8s structur\u00e9s. Ils m\u2019aident \u00e0 d\u00e9velopper mon potentiel\u00a0:<\/p>\n<p>Je fais du slalom autour de piquets ou de ma\u00eetres accompagn\u00e9s de leur chien.<\/p>\n<p>Je dois rester en place et rejoindre ma Dadame au signal.<\/p>\n<p>Chercher le dummy (parfois cach\u00e9) et le rapporter.<\/p>\n<p>Je reconnais qu\u2019ils sont tr\u00e8s inventifs. Ma \u00ab\u00a0Dadame\u00a0\u00bb doit aussi faire son job\u00a0:<\/p>\n<p>Apprendre \u00e0 moduler le ton de sa voix.<\/p>\n<p>Apprendre \u00e0 faire des gestes pr\u00e9cis.<\/p>\n<p>Rester zen en toutes circonstances m\u00eame quand je commets une faute.<\/p>\n<p>Peu \u00e0 peu, nous ne faisons plus qu\u2019UN, certes avec beaucoup de d\u00e9rapages mais tout ne se fait pas en un jour.<\/p>\n<p>Aujourd\u2019hui, j\u2019ai deux ans et sept mois et nous avons re\u00e7u le prix Molitor en r\u00e9compense de nos progr\u00e8s et de notre assiduit\u00e9. Bien entendu, mon apprentissage n\u2019est pas termin\u00e9 et c\u2019est avec un r\u00e9el plaisir que nous continuerons \u00e0 nous entra\u00eener.<\/p>\n<p>C\u2019est aussi la r\u00e9compense de tout un travail d\u2019\u00e9quipe.<\/p>\n<p>Merci au club<\/p>\n<p>Merci aux moniteurs pour leur investissement, leur pr\u00e9sence ind\u00e9fectible sous la pluie comme sous le soleil\u2026<\/p>\n<p>Merci<\/p>\n<p>Tefnou et \u00ab\u00a0Dadame\u00a0\u00bb<\/p>\n<div id=\"ConnectiveDocSignExtentionInstalled\" data-extension-version=\"1.0.4\"><\/div>\n<div id=\"sconnect-is-installed\" style=\"display: none;\">2.12.0.0<\/div>\n<p>[\/vc_column_text][\/vc_column][\/vc_row][vc_row][vc_column][vc_column_text]<\/p>\n<div id=\"ConnectiveDocSignExtentionInstalled\" data-extension-version=\"1.0.4\"><\/div>\n<div id=\"sconnect-is-installed\" style=\"display: none;\">2.12.0.0<\/div>\n<p>[\/vc_column_text][\/vc_column][\/vc_row]<\/p>\n","protected":false},"excerpt":{"rendered":"<p>[vc_row gap=\u00a0\u00bb20&Prime; equal_height=\u00a0\u00bbyes\u00a0\u00bb][vc_column css=\u00a0\u00bb.vc_custom_1542878004202{background-position: center !important;background-repeat: no-repeat !important;background-size: cover !important;}\u00a0\u00bb][vc_column_text css=\u00a0\u00bb.vc_custom_1774805325208{padding-right: 35px !important;padding-left: 35px !important;}\u00a0\u00bb] TEFNOU [\/vc_column_text][\/vc_column][\/vc_row][vc_row][vc_column][vc_media_grid grid_id=\u00a0\u00bbvc_gid:1774851620423-35f1def1-9480-1&Prime; include=\u00a0\u00bb3256&Prime;][vc_column_text]TEFNOU Je m\u2019appelle Tefnou comme la d\u00e9esse&hellip;<\/p>\n","protected":false},"author":6339,"featured_media":0,"parent":0,"menu_order":0,"comment_status":"closed","ping_status":"closed","template":"","meta":{"footnotes":""},"class_list":["post-3567","page","type-page","status-publish","hentry"],"_links":{"self":[{"href":"https:\/\/www.clubugc.be\/index.php\/wp-json\/wp\/v2\/pages\/3567","targetHints":{"allow":["GET"]}}],"collection":[{"href":"https:\/\/www.clubugc.be\/index.php\/wp-json\/wp\/v2\/pages"}],"about":[{"href":"https:\/\/www.clubugc.be\/index.php\/wp-json\/wp\/v2\/types\/page"}],"author":[{"embeddable":true,"href":"https:\/\/www.clubugc.be\/index.php\/wp-json\/wp\/v2\/users\/6339"}],"replies":[{"embeddable":true,"href":"https:\/\/www.clubugc.be\/index.php\/wp-json\/wp\/v2\/comments?post=3567"}],"version-history":[{"count":4,"href":"https:\/\/www.clubugc.be\/index.php\/wp-json\/wp\/v2\/pages\/3567\/revisions"}],"predecessor-version":[{"id":3575,"href":"https:\/\/www.clubugc.be\/index.php\/wp-json\/wp\/v2\/pages\/3567\/revisions\/3575"}],"wp:attachment":[{"href":"https:\/\/www.clubugc.be\/index.php\/wp-json\/wp\/v2\/media?parent=3567"}],"curies":[{"name":"wp","href":"https:\/\/api.w.org\/{rel}","templated":true}]}}