{"id":2889,"date":"2021-04-30T14:40:45","date_gmt":"2021-04-30T12:40:45","guid":{"rendered":"https:\/\/www.clubugc.be\/?page_id=2889"},"modified":"2026-03-29T19:26:20","modified_gmt":"2026-03-29T17:26:20","slug":"prix-molitor-2024","status":"publish","type":"page","link":"https:\/\/www.clubugc.be\/index.php\/prix-molitor-2024\/","title":{"rendered":"Prix Molitor 2024"},"content":{"rendered":"<p>[vc_row gap=\u00a0\u00bb20&Prime; equal_height=\u00a0\u00bbyes\u00a0\u00bb][vc_column css=\u00a0\u00bb.vc_custom_1542878004202{background-position: center !important;background-repeat: no-repeat !important;background-size: cover !important;}\u00a0\u00bb][vc_custom_heading text=\u00a0\u00bb\u00a0\u00bb font_container=\u00a0\u00bbtag:h1|text_align:left|color:%23fdfeeb\u00a0\u00bb use_theme_fonts=\u00a0\u00bbyes\u00a0\u00bb css=\u00a0\u00bb.vc_custom_1572429433561{padding-right: 35px !important;padding-left: 35px !important;}\u00a0\u00bb][vc_column_text css=\u00a0\u00bb.vc_custom_1738166835191{padding-right: 35px !important;padding-left: 35px !important;}\u00a0\u00bb]<\/p>\n<p style=\"text-align: left;\"><span style=\"color: #fdfeeb; font-size: 24pt;\">WEYA<\/span><\/p>\n<p>[\/vc_column_text][\/vc_column][\/vc_row][vc_row][vc_column][vc_media_grid grid_id=\u00a0\u00bbvc_gid:1738166791368-a39937d4-2217-1&Prime; include=\u00a0\u00bb3336&Prime;][vc_column_text]<strong>WEYA, Petit Epagneul de M\u00fcnster<\/strong>, est n\u00e9e le 23 avril 2023 dans un \u00e9levage familial de chasseurs. D\u00e8s son plus jeune \u00e2ge, elle s&rsquo;est d\u00e9marqu\u00e9e par sa force et sa curiosit\u00e9, et j&rsquo;ai imm\u00e9diatement \u00e9t\u00e9 conquise par son temp\u00e9rament. Avec un excellent pedigree, son nom complet est <strong>Weya B. de l\u2019Or\u00e9e du Br\u00e2me<\/strong>.<\/p>\n<p>Elle a rejoint notre famille en juillet dernier et s&rsquo;est tr\u00e8s vite int\u00e9gr\u00e9e \u00e0 notre foyer, cohabitant avec les enfants, les chiens, les poissons et m\u00eame les chevaux. Mon autre Epagneul de M\u00fcnster, un m\u00e2le de 10 ans, a pris un peu de temps pour s\u2019habituer \u00e0 son \u00e9nergie d\u00e9bordante et son envie constante de jouer.<\/p>\n<p>Les chiens ont toujours fait partie int\u00e9grante de ma vie. J\u2019ai eu mon premier compagnon canin \u00e0 l\u2019\u00e2ge de 8 ans et depuis, ils m\u2019accompagnent dans toutes les \u00e9tapes importantes de ma vie. J&rsquo;ai d\u00e9couvert la race des PEM gr\u00e2ce \u00e0 mon p\u00e8re, passionn\u00e9 de chasse, et j&rsquo;ai tout de suite \u00e9t\u00e9 conquise par leur polyvalence, leur intelligence et leur nature joyeuse. Ce sont des chiens sportifs, \u00e9l\u00e9gants, d\u00e9vou\u00e9s et ind\u00e9pendants, des qualit\u00e9s qui r\u00e9sonnent particuli\u00e8rement avec mes propres valeurs.<\/p>\n<p>Accueillir Weya a \u00e9t\u00e9 un pas vers l&rsquo;accomplissement d&rsquo;un de mes r\u00eaves. R\u00e9aliser une premi\u00e8re nich\u00e9e avec ma chienne est un r\u00eave que je ch\u00e9ris depuis longtemps. Aussi je mets toujours tout en \u0153uvre pour offrir une \u00e9ducation et une vie \u00e9quilibr\u00e9e \u00e0 mes chiens. Mon voisin Willy m\u2019a recommand\u00e9 de rejoindre le <strong>United Gundog Club<\/strong>, et je ne saurais jamais assez le remercier. Le club est un endroit o\u00f9 je me sens \u00e0 ma place, entour\u00e9e de moniteurs et de b\u00e9n\u00e9voles passionn\u00e9s et comp\u00e9tents, sans oublier les chiens extraordinaires. Chaque dimanche est une nouvelle opportunit\u00e9 d&rsquo;apprendre et de grandir avec Weya.<\/p>\n<p>Les activit\u00e9s du club me passionnent \u00e9galement. J\u2019ai eu l\u2019opportunit\u00e9 de participer \u00e0 diverses formations, notamment en premiers secours animaliers, en recherche et ramassage de petit gibier, j\u2019ai aid\u00e9 lors du Working Test et j\u2019ai assist\u00e9 \u00e0 l\u2019Assembl\u00e9e G\u00e9n\u00e9rale. Quelle joie et quel honneur d&rsquo;avoir re\u00e7u le <strong>Prix Molitor<\/strong> ! Ce prix n\u2019est pas seulement une reconnaissance du travail effectu\u00e9 avec Weya, mais aussi de la relation unique que nous avons construite ensemble. Cela nous encourage \u00e0 continuer et \u00e0 travailler dans cette belle voie.<\/p>\n<p>&nbsp;<\/p>\n<div id=\"ConnectiveDocSignExtentionInstalled\" data-extension-version=\"1.0.4\"><\/div>\n<div id=\"sconnect-is-installed\" style=\"display: none;\">2.12.0.0<\/div>\n<p>[\/vc_column_text][\/vc_column][\/vc_row][vc_row][vc_column][vc_column_text]<\/p>\n<div id=\"ConnectiveDocSignExtentionInstalled\" data-extension-version=\"1.0.4\"><\/div>\n<div id=\"sconnect-is-installed\" style=\"display: none;\">2.12.0.0<\/div>\n<p>[\/vc_column_text][\/vc_column][\/vc_row]<\/p>\n","protected":false},"excerpt":{"rendered":"<p>[vc_row gap=\u00a0\u00bb20&Prime; equal_height=\u00a0\u00bbyes\u00a0\u00bb][vc_column css=\u00a0\u00bb.vc_custom_1542878004202{background-position: center !important;background-repeat: no-repeat !important;background-size: cover !important;}\u00a0\u00bb][vc_custom_heading text=\u00a0\u00bb\u00a0\u00bb font_container=\u00a0\u00bbtag:h1|text_align:left|color:%23fdfeeb\u00a0\u00bb use_theme_fonts=\u00a0\u00bbyes\u00a0\u00bb css=\u00a0\u00bb.vc_custom_1572429433561{padding-right: 35px !important;padding-left: 35px !important;}\u00a0\u00bb][vc_column_text css=\u00a0\u00bb.vc_custom_1738166835191{padding-right: 35px !important;padding-left: 35px !important;}\u00a0\u00bb] WEYA [\/vc_column_text][\/vc_column][\/vc_row][vc_row][vc_column][vc_media_grid&hellip;<\/p>\n","protected":false},"author":6339,"featured_media":0,"parent":0,"menu_order":0,"comment_status":"closed","ping_status":"closed","template":"","meta":{"footnotes":""},"class_list":["post-2889","page","type-page","status-publish","hentry"],"_links":{"self":[{"href":"https:\/\/www.clubugc.be\/index.php\/wp-json\/wp\/v2\/pages\/2889","targetHints":{"allow":["GET"]}}],"collection":[{"href":"https:\/\/www.clubugc.be\/index.php\/wp-json\/wp\/v2\/pages"}],"about":[{"href":"https:\/\/www.clubugc.be\/index.php\/wp-json\/wp\/v2\/types\/page"}],"author":[{"embeddable":true,"href":"https:\/\/www.clubugc.be\/index.php\/wp-json\/wp\/v2\/users\/6339"}],"replies":[{"embeddable":true,"href":"https:\/\/www.clubugc.be\/index.php\/wp-json\/wp\/v2\/comments?post=2889"}],"version-history":[{"count":15,"href":"https:\/\/www.clubugc.be\/index.php\/wp-json\/wp\/v2\/pages\/2889\/revisions"}],"predecessor-version":[{"id":2894,"href":"https:\/\/www.clubugc.be\/index.php\/wp-json\/wp\/v2\/pages\/2889\/revisions\/2894"}],"wp:attachment":[{"href":"https:\/\/www.clubugc.be\/index.php\/wp-json\/wp\/v2\/media?parent=2889"}],"curies":[{"name":"wp","href":"https:\/\/api.w.org\/{rel}","templated":true}]}}