{"id":2244,"date":"2018-12-21T13:22:38","date_gmt":"2018-12-21T12:22:38","guid":{"rendered":"https:\/\/www.clubugc.be\/?page_id=2244"},"modified":"2018-12-21T17:26:00","modified_gmt":"2018-12-21T16:26:00","slug":"activites2","status":"publish","type":"page","link":"https:\/\/www.clubugc.be\/index.php\/activites2\/","title":{"rendered":"Activit\u00e9s2"},"content":{"rendered":"<p>[vc_row][vc_column][vc_column_text]Outre les cours et formations, l\u2019UGC organise des activit\u00e9s pour ses membres et non membres.<\/p>\n<p>Notre club est \u00e9galement sollicit\u00e9 pour participer \u00e0 des \u00e9v\u00e9nements d\u2019envergure pris\u00e9s par le monde de la chasse.[\/vc_column_text][\/vc_column][\/vc_row][vc_row][vc_column][vc_column_text]<\/p>\n<h1><span style=\"color: #fdfeeb;\">Test de comportement social<\/span><\/h1>\n<p style=\"text-align: justify;\"><img loading=\"lazy\" decoding=\"async\" class=\"alignleft\" src=\"https:\/\/www.clubugc.be\/wp-content\/uploads\/2018\/06\/UGC_Test-sociabilite1.jpg\" alt=\"\" width=\"520\" height=\"383\" \/>Test permettant d\u2019appr\u00e9cier la socialisation des chiens de plus de 9 mois, obligatoire pour l\u2019obtention du carnet de travail et indispensable \u00e0 toute inscription \u00e0 un concours (<em>Working Test<\/em>\u00a0ou\u00a0<em>Field Trial<\/em>).<\/p>\n<p style=\"text-align: justify;\">De rigueur au sein de notre club, ce test est organis\u00e9 une fois par an et est ouvert \u00e0 tous, membres de l\u2019UGC ou non, et quelque soit la race du chien.<\/p>\n<p style=\"text-align: justify;\">Une attestation de r\u00e9ussite et une m\u00e9daille sont d\u00e9livr\u00e9es par l\u2019Union Royale Cynologique Saint-Hubert en cas de test pass\u00e9 avec succ\u00e8s.<\/p>\n<p>[\/vc_column_text][\/vc_column][\/vc_row][vc_row][vc_column][vc_separator color=\u00a0\u00bbcustom\u00a0\u00bb accent_color=\u00a0\u00bb#fdfeeb\u00a0\u00bb][\/vc_column][\/vc_row][vc_row][vc_column][vc_column_text]<\/p>\n<h1 style=\"text-align: justify;\"><span style=\"color: #fdfeeb;\">Concours<\/span><\/h1>\n<p><img loading=\"lazy\" decoding=\"async\" class=\"alignright\" src=\"https:\/\/www.clubugc.be\/wp-content\/uploads\/2018\/11\/WT.jpg\" alt=\"\" width=\"538\" height=\"359\" \/>Chaque ann\u00e9e, l\u2019UGC organise des comp\u00e9titions canines internationales pour Retrievers, tels les\u00a0<em>Working Tests<\/em>\u00a0et les\u00a0<em>Field Trials<\/em>.<\/p>\n<p>De nombreux participants s\u2019inscrivent et appr\u00e9cient la qualit\u00e9 de notre organisation et les cadres remarquables qui sont \u00e0 chaque fois s\u00e9lectionn\u00e9s.[\/vc_column_text][\/vc_column][\/vc_row][vc_row][vc_column][vc_btn title=\u00a0\u00bbWorking Tests\u00a0\u00bb color=\u00a0\u00bbwhite\u00a0\u00bb link=\u00a0\u00bburl:https%3A%2F%2Fwww.clubugc.be%2Findex.php%2Fconcours%2F|||\u00a0\u00bb][vc_btn title=\u00a0\u00bbField Trials\u00a0\u00bb color=\u00a0\u00bbwhite\u00a0\u00bb link=\u00a0\u00bburl:https%3A%2F%2Fwww.clubugc.be%2Findex.php%2Fconcours%2F%23FT|||\u00a0\u00bb][\/vc_column][\/vc_row][vc_row][vc_column][vc_separator color=\u00a0\u00bbcustom\u00a0\u00bb accent_color=\u00a0\u00bb#fdfeeb\u00a0\u00bb][\/vc_column][\/vc_row][vc_row][vc_column][vc_column_text]<\/p>\n<h1><span style=\"color: #fdfeeb;\">D\u00e9monstration<\/span><\/h1>\n<p style=\"text-align: justify;\"><img loading=\"lazy\" decoding=\"async\" class=\"alignleft\" src=\"https:\/\/www.clubugc.be\/wp-content\/uploads\/2018\/10\/Demonstration-1280x768-MSI-e1545388400912.jpg\" alt=\"\" width=\"506\" height=\"261\" \/><\/p>\n<p style=\"text-align: justify;\">Il nous tient \u00e0 c\u0153ur de promouvoir le chien de chasse lors de manifestations, la cyn\u00e9g\u00e9tique et la cynologie \u00e9tant li\u00e9es depuis la nuit des temps.<\/p>\n<p style=\"text-align: justify;\">C\u2019est pourquoi, depuis quelques ann\u00e9es, nous allons d\u00e9montrer notre savoir-faire \u00e0 l\u2019occasion des \u00ab Journ\u00e9es de la Chasse \u00bb qui se tiennent \u00e0 la Ferme d\u2019Oudoumont \u00e0 Verlaine.<a id=\"Chien_annee\"><\/a><\/p>\n<p style=\"text-align: left;\">Pour en savoir plus :\u00a0<a href=\"http:\/\/www.journeesdelachasse.be\/\" target=\"_blank\" rel=\"noopener\">journeesdelachasse.be<\/a><\/p>\n<p>[\/vc_column_text][\/vc_column][\/vc_row][vc_row][vc_column][vc_separator color=\u00a0\u00bbcustom\u00a0\u00bb accent_color=\u00a0\u00bb#fdfeeb\u00a0\u00bb][\/vc_column][\/vc_row][vc_row][vc_column][vc_column_text]<\/p>\n<h1><span style=\"color: #fdfeeb;\">D\u00eener de Gala du RSHCB<\/span><\/h1>\n<p style=\"text-align: justify;\"><img loading=\"lazy\" decoding=\"async\" class=\"alignright\" src=\"https:\/\/www.clubugc.be\/wp-content\/uploads\/2018\/11\/Gala4.jpg\" alt=\"\" width=\"444\" height=\"576\" \/><\/p>\n<p style=\"text-align: justify;\">Fond\u00e9e en 1909, le\u00a0<a href=\"http:\/\/chasse.be\/\" target=\"_blank\" rel=\"noopener\">Royal Saint-Hubert Club de Belgique<\/a>\u00a0est la plus ancienne association de chasseurs dont le but est la promotion de la chasse et la d\u00e9fense des chasseurs.<\/p>\n<p style=\"text-align: justify;\">A l\u2019initiative de Mr Etienne de Broux, la branche wallonne du RSHCB d\u00e9cerne chaque ann\u00e9e, \u00e0 l\u2019occasion d\u2019un d\u00eener de Gala, un prix qui r\u00e9compense les meilleurs chiens de chasse dans toutes les disciplines.<\/p>\n<p style=\"text-align: justify;\">Dans la cat\u00e9gorie Retriever, l\u2019UGC a ainsi l\u2019opportunit\u00e9 de mettre \u00e0 l\u2019honneur un couple ma\u00eetre-chien particuli\u00e8rement m\u00e9ritant, mature, travaillant sur terrain de chasse ou ayant remport\u00e9 des concours.<\/p>\n<p>[\/vc_column_text][\/vc_column][\/vc_row][vc_row][vc_column][vc_btn title=\u00a0\u00bb2016&Prime; color=\u00a0\u00bbwhite\u00a0\u00bb link=\u00a0\u00bburl:https%3A%2F%2Fwww.clubugc.be%2Findex.php%2Fchien-de-lannee%2F|||\u00a0\u00bb][vc_btn title=\u00a0\u00bb2017&Prime; color=\u00a0\u00bbwhite\u00a0\u00bb link=\u00a0\u00bburl:http%3A%2F%2Fwww.clubugc.be%2Findex.php%2Fchien-de-lannee%2F%23Prix_Annee_2017|||\u00a0\u00bb][vc_btn title=\u00a0\u00bb2018&Prime; color=\u00a0\u00bbwhite\u00a0\u00bb link=\u00a0\u00bburl:http%3A%2F%2Fwww.clubugc.be%2Findex.php%2Fchien-de-lannee%2F%23Prix_Annee_2018|||\u00a0\u00bb][\/vc_column][\/vc_row]<\/p>\n","protected":false},"excerpt":{"rendered":"<p>[vc_row][vc_column][vc_column_text]Outre les cours et formations, l\u2019UGC organise des activit\u00e9s pour ses membres et non membres. Notre club est \u00e9galement sollicit\u00e9 pour participer \u00e0 des \u00e9v\u00e9nements&hellip;<\/p>\n","protected":false},"author":6339,"featured_media":0,"parent":0,"menu_order":0,"comment_status":"closed","ping_status":"closed","template":"","meta":{"footnotes":""},"class_list":["post-2244","page","type-page","status-publish","hentry"],"_links":{"self":[{"href":"https:\/\/www.clubugc.be\/index.php\/wp-json\/wp\/v2\/pages\/2244","targetHints":{"allow":["GET"]}}],"collection":[{"href":"https:\/\/www.clubugc.be\/index.php\/wp-json\/wp\/v2\/pages"}],"about":[{"href":"https:\/\/www.clubugc.be\/index.php\/wp-json\/wp\/v2\/types\/page"}],"author":[{"embeddable":true,"href":"https:\/\/www.clubugc.be\/index.php\/wp-json\/wp\/v2\/users\/6339"}],"replies":[{"embeddable":true,"href":"https:\/\/www.clubugc.be\/index.php\/wp-json\/wp\/v2\/comments?post=2244"}],"version-history":[{"count":28,"href":"https:\/\/www.clubugc.be\/index.php\/wp-json\/wp\/v2\/pages\/2244\/revisions"}],"predecessor-version":[{"id":2279,"href":"https:\/\/www.clubugc.be\/index.php\/wp-json\/wp\/v2\/pages\/2244\/revisions\/2279"}],"wp:attachment":[{"href":"https:\/\/www.clubugc.be\/index.php\/wp-json\/wp\/v2\/media?parent=2244"}],"curies":[{"name":"wp","href":"https:\/\/api.w.org\/{rel}","templated":true}]}}