{"id":1016,"date":"2018-06-20T14:25:46","date_gmt":"2018-06-20T12:25:46","guid":{"rendered":"https:\/\/www.clubugc.be\/?page_id=1016"},"modified":"2020-01-15T20:06:38","modified_gmt":"2020-01-15T19:06:38","slug":"chien-de-lannee","status":"publish","type":"page","link":"https:\/\/www.clubugc.be\/index.php\/chien-de-lannee\/","title":{"rendered":"D\u00eener de gala du RSHCB"},"content":{"rendered":"<p>[vc_row][vc_column][vc_column_text]<\/p>\n<table style=\"width: 100%; border-collapse: collapse; border-color: #fdfeeb; border-style: solid;\" border=\"1\">\n<tbody>\n<tr>\n<td style=\"width: 100%; background-color: #727341;\">\n<h2 class=\"vc_custom_heading vc_custom_1529497252824\" style=\"text-align: center;\"><span style=\"color: #fdfeeb;\">2019<\/span><\/h2>\n<p><img loading=\"lazy\" decoding=\"async\" class=\"alignnone wp-image-2755 size-full\" src=\"https:\/\/www.clubugc.be\/wp-content\/uploads\/2020\/01\/200110-Diner-Chien-scaled-e1578858781445.jpg\" alt=\"2019 meilleur chien rshcb\" width=\"1200\" height=\"1142\" \/><\/p>\n<p>p<span style=\"font-size: 8pt;\">hoto : B\u00e9n\u00e9dicte Dumont de Chassart<\/span><\/p>\n<p>Labrador Retriever femelle: <strong>Liza from Ulysse\u2019s Spirit<\/strong>\u00a0 6 ans et demi (19\/09\/2012)<\/p>\n<p>* 4<sup>e<\/sup> g\u00e9n\u00e9ration de mon \u00e9levage, Liza est issue des plus r\u00e9put\u00e9es lign\u00e9es anglaises de travail. Elle participe tous les ans \u00e0 divers concours (Working tests et Field trials) Est en classe Open et fait des r\u00e9sultats tr\u00e8s satisfaisants.<\/p>\n<p>* Elle participe au ramassage du petit gibier \u00e0 environ 70 dates de chasse tous les ans.<\/p>\n<p>* En ce moment, elle est gestante.Ce sera sa 2e et derni\u00e8re port\u00e9e (je voulais absolument de sa descendance)<\/p>\n<p>* Elle a un \u00e9norme potentiel et ses principales qualit\u00e9s \u00e0 la chasse sont : Steadyness et rapidit\u00e9 d\u2019ex\u00e9cution. Avec suffisamment d&rsquo;intelligence, de m\u00e9tier et de nez que pour retrouver tout gibier tomb\u00e9 sauf exception bien entendu !<\/p>\n<p>MichouVandersmissen<\/td>\n<\/tr>\n<\/tbody>\n<\/table>\n<p>[\/vc_column_text][vc_column_text]<\/p>\n<table style=\"width: 100%; border-collapse: collapse; border-color: #fdfeeb; border-style: solid;\" border=\"1\">\n<tbody>\n<tr>\n<td style=\"width: 100%; background-color: #727341;\">\n<h2 class=\"vc_custom_heading vc_custom_1529497252824\" style=\"text-align: center;\"><span style=\"color: #fdfeeb;\">2018<\/span><\/h2>\n<p><img loading=\"lazy\" decoding=\"async\" class=\"aligncenter\" src=\"https:\/\/www.clubugc.be\/wp-content\/uploads\/2018\/06\/IRA-Chien-2018-RSHCB-1.jpg\" alt=\"\" width=\"434\" height=\"500\" \/><\/p>\n<p style=\"text-align: center;\"><span style=\"color: #fdfeeb;\">Marie-Claire Van Eecke et Ira<\/span><br \/>\nFlatcoated Retriever<\/p>\n<p>N\u00e9e le 24\/06\/2009, Ira est dot\u00e9e d\u2019un immense \u00ab\u00a0WILL TO PLEASE\u00a0\u00bb si caract\u00e9ristique de la race, et a \u00e9t\u00e9 une jeune chienne \u00e0 la fois docile et passionn\u00e9e par le travail.<br \/>\nA l\u2019\u00e2ge de 15 mois (et 3 jours !), elle a r\u00e9ussi les \u00e9preuves de la S\u00e9lection St-Hubert.<\/p>\n<p>Elle a depuis lors, particip\u00e9 \u00e0 7 saisons de\u00a0<em>picking up<\/em>\u00a0avec un enthousiasme constant, un nez infaillible et une volont\u00e9 in\u00e9branlable, m\u00eame dans les terrains les plus difficiles, dans les orties, les betteraves ou les ronciers.<\/p>\n<p>Opini\u00e2tre dans sa recherche, elle a fait le bonheur de sa ma\u00eetresse dans tous les terrains (\u00e9tangs, marais, plaines ou bois) et sur tous gibiers (canards, perdreaux et faisans).<\/p>\n<p>Mais ce qu\u2019il affectionne le plus, c\u2019est la passe du soir aux canards, moment o\u00f9 il peut laisser libre cours \u00e0 son initiative et son instinct. Sa pers\u00e9v\u00e9rance et sa t\u00e9nacit\u00e9 ne le laissent que tr\u00e8s rarement revenir bredouille\u00a0!<\/p>\n<p>Merci L\u00e9o pour tout ce travail accompli\u00a0!<a id=\"Prix_Annee_2018\"><\/a><\/td>\n<\/tr>\n<\/tbody>\n<\/table>\n<p>[\/vc_column_text][vc_column_text]<\/p>\n<table style=\"width: 100%; border-collapse: collapse; border-color: #fdfeeb; border-style: solid;\" border=\"1\">\n<tbody>\n<tr>\n<td style=\"width: 100%; background-color: #727341;\">\n<h2 class=\"vc_custom_heading vc_custom_1529497252824\" style=\"text-align: center;\"><span style=\"color: #fdfeeb;\">2017<\/span><\/h2>\n<p><img loading=\"lazy\" decoding=\"async\" class=\"aligncenter\" src=\"https:\/\/www.clubugc.be\/wp-content\/uploads\/2018\/06\/LEO-Chien-2017-RSHCB-1.jpg\" alt=\"\" width=\"499\" height=\"500\" \/><\/p>\n<p style=\"text-align: center;\"><span style=\"color: #fdfeeb;\">Caroline Lecocq et L\u00e9o des Pr\u00e9s<\/span><br \/>\nLabrador retriever chocolat<\/p>\n<p>C\u2019est \u00e0 l\u2019\u00e2ge de 5 ans et demi que L\u00e9o, labrador chocolat, a re\u00e7u le prix de \u00ab\u00a0Meilleur Retriever de l\u2019ann\u00e9e\u00a0\u00bb.<\/p>\n<p>Cette r\u00e9compense est l\u2019aboutissement de plusieurs ann\u00e9es de travail assidu.<\/p>\n<p>L\u00e9o est un chien passionn\u00e9, polyvalent sur toutes les esp\u00e8ces de gibiers \u00e0 plumes. Il participe chaque ann\u00e9e \u00e0 plusieurs chasses aux canards, faisans et perdreaux. Il ramasse \u00e9galement la b\u00e9casse, petit gibier tant convoit\u00e9 par le chasseur. Il ne rechigne pas non plus \u00e0 rapporter ramiers et corneilles\u2026<\/p>\n<p>Mais ce qu\u2019il affectionne le plus, c\u2019est la passe du soir aux canards, moment o\u00f9 il peut laisser libre cours \u00e0 son initiative et son instinct. Sa pers\u00e9v\u00e9rance et sa t\u00e9nacit\u00e9 ne le laissent que tr\u00e8s rarement revenir bredouille\u00a0!<\/p>\n<p>Merci L\u00e9o pour tout ce travail accompli\u00a0!<a id=\"Prix_Annee_2018\"><\/a><\/td>\n<\/tr>\n<\/tbody>\n<\/table>\n<p>[\/vc_column_text][vc_column_text]<\/p>\n<table style=\"width: 100%; border-collapse: collapse; border-color: #fdfeeb; border-style: solid;\" border=\"1\">\n<tbody>\n<tr>\n<td style=\"width: 100%; background-color: #727341;\">\n<h2 class=\"vc_custom_heading vc_custom_1529497252824\" style=\"text-align: center;\"><span style=\"color: #fdfeeb;\">2016<\/span><\/h2>\n<p>&nbsp;<\/p>\n<p><img loading=\"lazy\" decoding=\"async\" class=\"wp-image-1565 size-full aligncenter\" src=\"https:\/\/www.clubugc.be\/wp-content\/uploads\/2018\/10\/Chien2016.jpeg\" alt=\"\" width=\"732\" height=\"984\" srcset=\"https:\/\/www.clubugc.be\/wp-content\/uploads\/2018\/10\/Chien2016.jpeg 732w, https:\/\/www.clubugc.be\/wp-content\/uploads\/2018\/10\/Chien2016-223x300.jpeg 223w\" sizes=\"auto, (max-width: 732px) 100vw, 732px\" \/><\/td>\n<\/tr>\n<\/tbody>\n<\/table>\n<p>[\/vc_column_text][\/vc_column][\/vc_row]<\/p>\n","protected":false},"excerpt":{"rendered":"<p>[vc_row][vc_column][vc_column_text] 2019 photo : B\u00e9n\u00e9dicte Dumont de Chassart Labrador Retriever femelle: Liza from Ulysse\u2019s Spirit\u00a0 6 ans et demi (19\/09\/2012) * 4e g\u00e9n\u00e9ration de mon&hellip;<\/p>\n","protected":false},"author":6339,"featured_media":0,"parent":0,"menu_order":0,"comment_status":"closed","ping_status":"closed","template":"","meta":{"footnotes":""},"class_list":["post-1016","page","type-page","status-publish","hentry"],"_links":{"self":[{"href":"https:\/\/www.clubugc.be\/index.php\/wp-json\/wp\/v2\/pages\/1016","targetHints":{"allow":["GET"]}}],"collection":[{"href":"https:\/\/www.clubugc.be\/index.php\/wp-json\/wp\/v2\/pages"}],"about":[{"href":"https:\/\/www.clubugc.be\/index.php\/wp-json\/wp\/v2\/types\/page"}],"author":[{"embeddable":true,"href":"https:\/\/www.clubugc.be\/index.php\/wp-json\/wp\/v2\/users\/6339"}],"replies":[{"embeddable":true,"href":"https:\/\/www.clubugc.be\/index.php\/wp-json\/wp\/v2\/comments?post=1016"}],"version-history":[{"count":44,"href":"https:\/\/www.clubugc.be\/index.php\/wp-json\/wp\/v2\/pages\/1016\/revisions"}],"predecessor-version":[{"id":2764,"href":"https:\/\/www.clubugc.be\/index.php\/wp-json\/wp\/v2\/pages\/1016\/revisions\/2764"}],"wp:attachment":[{"href":"https:\/\/www.clubugc.be\/index.php\/wp-json\/wp\/v2\/media?parent=1016"}],"curies":[{"name":"wp","href":"https:\/\/api.w.org\/{rel}","templated":true}]}}